{"id":2,"date":"2012-08-16T10:00:52","date_gmt":"2012-08-16T10:00:52","guid":{"rendered":"http:\/\/www.lingua-world.de\/blog\/?page_id=2"},"modified":"2025-04-03T15:17:46","modified_gmt":"2025-04-03T13:17:46","slug":"lingua-world","status":"publish","type":"page","link":"https:\/\/www.lingua-world.de\/blog\/lingua-world\/","title":{"rendered":"Lingua-World"},"content":{"rendered":"<h2>Wer steckt hinter diesem Blog?<\/h2>\n<p>Der Name <strong>Lingua-World<\/strong> steht <strong>seit \u00fcber 25 Jahren<\/strong> f\u00fcr qualitativ hochwertige L\u00f6sungen im Bereich der Sprach\u00addienstleistungen.<\/p>\n<p>Als Full-Service-Anbieter bietet Lingua-World professio\u00adnelle \u00dcbersetzungs-, Dolmetsch- und Lokalisierungs\u00addienste in allen Sprachen. Das Team aus erfahrenen Linguisten und Projektmanagern ist in der Lage, jede Art von \u00dcbersetzungsprojekt &#8211; ob gro\u00df oder klein &#8211; zu realisieren.<\/p>\n<h3>Lingua-World Leistungsportfolio (Auszug)<\/h3>\n<ul>\n<li><a title=\"Professionelle \u00dcbersetzungen\" href=\"https:\/\/www.lingua-world.de\/uebersetzungen.htm\">Professionelle \u00dcbersetzungen<\/a>, optional auch als <a title=\"Amtlich beglaubigte \u00dcbersetzung\" href=\"https:\/\/www.lingua-world.de\/services\/uebersetzung-von-unterlagen-inklusive-beglaubigung.htm\">beglaubigte \u00dcbersetzung<\/a>.<\/li>\n<li><a title=\"Fach\u00fcbersetzungen, alle Sprachen\" href=\"https:\/\/www.lingua-world.de\/fachuebersetzungen.htm\">Fach\u00fcbersetzungen<\/a> f\u00fcr alle Sprachen und Fachbereiche,<\/li>\n<li><a title=\"Dolmetscher\" href=\"https:\/\/www.lingua-world.de\/dolmetschen.htm\">Dolmetscher<\/a>, (auch <a title=\"Beeidigte\/vereidigte Dolmetscher\" href=\"https:\/\/www.lingua-world.de\/dolmetschen\/beeidigte-dolmetscher.htm\">beeidigte Dolmetscher<\/a>) f\u00fcr alle Sprachen der Welt.<\/li>\n<li>Telefon-, und Videodolmetscher.<\/li>\n<li><a title=\"Lokalisierung von Webseiten\/Apps\" href=\"https:\/\/www.lingua-world.de\/lokalisierung\/lokalisierung-webseiten.htm\">Lokalisierung von Webseiten\/Apps<\/a> und Software.<\/li>\n<li>Ausschlie\u00dflich Muttersprachler als \u00dcbersetzer!<\/li>\n<li>Experten f\u00fcr nahezu jedes Fachgebiet<\/li>\n<li>DIN EN ISO 9001:2015 Zertifizierung<\/li>\n<li>Qualit\u00e4tssicherung nach DIN ISO 17100<\/li>\n<\/ul>\n<p>Ganz gleich, ob Sie eine schnelle \u00dcbersetzung oder ein komplexes Projekt ben\u00f6tigen \u2013 <a title=\"\u00dcbersetzungsb\u00fcro Lingua-World\" href=\"https:\/\/www.lingua-world.de\">\u00dcbersetzungsb\u00fcro Lingua-World<\/a> verf\u00fcgt \u00fcber die Ressourcen und das Fachwissen, um die Arbeit pr\u00e4zise und termingerecht zu erledigen.<\/p>\n<p>Kontaktieren Sie uns noch heute f\u00fcr ein kostenloses Angebot.<\/p>\n<p><img loading=\"lazy\" decoding=\"async\" src=\"https:\/\/www.lingua-world.de\/blog\/wp-content\/uploads\/2025\/04\/uebersetzungsbuero-lingua-world-logo.png\" alt=\"\u00dcbersetzungsb\u00fcro Lingua-World - powered by ELAN Languages Logo\" width=\"580\" height=\"174\" class=\"alignnone size-full wp-image-8660\" srcset=\"https:\/\/www.lingua-world.de\/blog\/wp-content\/uploads\/2025\/04\/uebersetzungsbuero-lingua-world-logo.png 580w, https:\/\/www.lingua-world.de\/blog\/wp-content\/uploads\/2025\/04\/uebersetzungsbuero-lingua-world-logo-300x90.png 300w, https:\/\/www.lingua-world.de\/blog\/wp-content\/uploads\/2025\/04\/uebersetzungsbuero-lingua-world-logo-500x150.png 500w\" sizes=\"auto, (max-width: 580px) 100vw, 580px\" \/><\/p>\n","protected":false},"excerpt":{"rendered":"<p>Wer steckt hinter diesem Blog? Der Name Lingua-World steht seit \u00fcber 25 Jahren f\u00fcr qualitativ hochwertige L\u00f6sungen im Bereich der Sprach\u00addienstleistungen. Als Full-Service-Anbieter bietet Lingua-World professio\u00adnelle \u00dcbersetzungs-, Dolmetsch- und Lokalisierungs\u00addienste in allen Sprachen. Das Team aus erfahrenen Linguisten und Projektmanagern &hellip; <a href=\"https:\/\/www.lingua-world.de\/blog\/lingua-world\/\">Weiterlesen <span class=\"meta-nav\">&rarr;<\/span><\/a><\/p>\n","protected":false},"author":5,"featured_media":0,"parent":0,"menu_order":0,"comment_status":"closed","ping_status":"closed","template":"","meta":{"_lmt_disableupdate":"no","_lmt_disable":"","footnotes":""},"class_list":["post-2","page","type-page","status-publish","hentry"],"aioseo_notices":[],"_links":{"self":[{"href":"https:\/\/www.lingua-world.de\/blog\/wp-json\/wp\/v2\/pages\/2","targetHints":{"allow":["GET"]}}],"collection":[{"href":"https:\/\/www.lingua-world.de\/blog\/wp-json\/wp\/v2\/pages"}],"about":[{"href":"https:\/\/www.lingua-world.de\/blog\/wp-json\/wp\/v2\/types\/page"}],"author":[{"embeddable":true,"href":"https:\/\/www.lingua-world.de\/blog\/wp-json\/wp\/v2\/users\/5"}],"replies":[{"embeddable":true,"href":"https:\/\/www.lingua-world.de\/blog\/wp-json\/wp\/v2\/comments?post=2"}],"version-history":[{"count":0,"href":"https:\/\/www.lingua-world.de\/blog\/wp-json\/wp\/v2\/pages\/2\/revisions"}],"wp:attachment":[{"href":"https:\/\/www.lingua-world.de\/blog\/wp-json\/wp\/v2\/media?parent=2"}],"curies":[{"name":"wp","href":"https:\/\/api.w.org\/{rel}","templated":true}]}}